{"id":88,"date":"2024-04-15T17:12:10","date_gmt":"2024-04-15T20:12:10","guid":{"rendered":"https:\/\/roxguinchos.com.br\/?page_id=88"},"modified":"2024-04-16T09:51:30","modified_gmt":"2024-04-16T12:51:30","slug":"one-page-express","status":"publish","type":"page","link":"https:\/\/roxguinchos.com.br\/","title":{"rendered":"Front Page"},"content":{"rendered":"<div  id=\"overlapable-2\" style=\"background-color: #ffffff;\" data-label=\"Overlapable\" data-id=\"stripped-coloured-icon-boxes\" data-category=\"overlapable\" class=\"features-coloured-icon-boxes-section\" data-overlap=\"true\"> <div  class=\"gridContainer\"> <div  class=\"features-coloured-icon-boxes-innerrow flexbox-list dark-text\" data-type=\"row\"> <div  class=\"features-coloured-icon-boxes-featurecol cp3cols\"> <div  class=\"features-coloured-icon-boxes-iconcontainer\" data-content-item-container=\"true\"> <i  data-cp-fa=\"true\" class=\"features-coloured-icon fa fa-bolt\"><\/i> <\/div> <h4  class=\"\">Atendimento R\u00e1pido<\/h4> <p  class=\"\">Estamos prontos para te atender, 24 horas por dia nos 7 dias da semama!<\/p> <a class=\"features-coloured-button\" href=\"https:\/\/wa.me\/5511947087503\" target=\"_self\" rel=\"noopener\">Saiba mais<\/a> <\/div> <div  class=\"features-coloured-icon-boxes-featurecol cp3cols\"> <div  class=\"features-coloured-icon-boxes-iconcontainer\" data-content-item-container=\"true\"> <i  data-cp-fa=\"true\" class=\"features-coloured-icon fa fa-truck\"><\/i> <\/div> <h4  class=\"\">Do leve ao Pesado<\/h4> <p  class=\"\">A ROX possui uma frota para atende-lo em qualquer ocasi\u00e3o, de moto a caminh\u00f5es pesados.<\/p> <a class=\"features-coloured-button\" href=\"https:\/\/wa.me\/5511947087503\" target=\"_self\" rel=\"noopener\">Saiba mais<\/a> <\/div> <div  class=\"features-coloured-icon-boxes-featurecol cp3cols\"> <div  class=\"features-coloured-icon-boxes-iconcontainer\" data-content-item-container=\"true\"> <i  data-cp-fa=\"true\" class=\"features-coloured-icon fa fa-wrench\"><\/i> <\/div> <h4  class=\"\">Auxilio mec\u00e2nico e SOS<\/h4> <p  class=\"\">Fazemos troca de pneu, chaveiro, pane mec\u00e2nica e SOS em geral.<\/p> <a class=\"features-coloured-button\" href=\"https:\/\/wa.me\/5511947087503\" target=\"_self\" rel=\"noopener\">Saiba mais<\/a> <\/div> <div  class=\"features-coloured-icon-boxes-featurecol cp3cols\"> <div  class=\"features-coloured-icon-boxes-iconcontainer\" data-content-item-container=\"true\"> <i  data-cp-fa=\"true\" class=\"features-coloured-icon fa fa-calendar-check-o\"><\/i> <\/div> <h4  class=\"\">Atendimentos agendados<\/h4> <p  class=\"\">Trabalhamos com atendimentos emerg\u00eanciais e agendados.<\/p> <a class=\"features-coloured-button\" href=\"https:\/\/wa.me\/5511947087503\" target=\"_self\" rel=\"noopener\">Saiba mais<\/a> <\/div> <\/div> <\/div><\/div><div  id=\"cta-1\" data-label=\"Call to action\" data-id=\"cta-blue-section\" data-category=\"cta\" class=\"cta-blue-section\"> <div  class=\"gridContainer\"> <div  class=\"flexbox-list flexbox-list-align-center row\"> <div  class=\"cta-blue-textcol dynamic-color\"> <h2  class=\"cta-blue-text\"> <b  class=\"element2\"> Whatsapp. <\/b>Receba sua cota\u00e7\u00e3o em minutos!<\/h2> <\/div> <div  class=\"cta-blue-btncol\"> <a class=\"button big yellow dark-text\" href=\"https:\/\/wa.me\/5511947087503\" target=\"_self\" rel=\"noopener\"> Ir para o Whatsapp <\/a> <\/div> <\/div> <\/div> <\/div>","protected":false},"excerpt":{"rendered":"<p>Atendimento R\u00e1pido Estamos prontos para te atender, 24 horas por dia nos 7 dias da semama! Saiba mais Do leve ao Pesado A ROX possui uma frota para atende-lo em qualquer ocasi\u00e3o, de moto a caminh\u00f5es pesados. Saiba mais Auxilio mec\u00e2nico e SOS Fazemos troca de pneu, chaveiro, pane mec\u00e2nica e SOS em geral. Saiba&hellip; <br \/> <a class=\"button small blue\" href=\"https:\/\/roxguinchos.com.br\/?p=1\">Leia mais<\/a><\/p>\n","protected":false},"author":1,"featured_media":0,"parent":0,"menu_order":0,"comment_status":"closed","ping_status":"closed","template":"","meta":{"_monsterinsights_skip_tracking":false,"_monsterinsights_sitenote_active":false,"_monsterinsights_sitenote_note":"","_monsterinsights_sitenote_category":0,"footnotes":""},"class_list":["post-88","page","type-page","status-publish","hentry"],"yoast_head":"<!-- This site is optimized with the Yoast SEO plugin v22.4 - https:\/\/yoast.com\/wordpress\/plugins\/seo\/ -->\n<title>Front Page - Rox Guinchos<\/title>\n<meta name=\"robots\" content=\"index, follow, max-snippet:-1, max-image-preview:large, max-video-preview:-1\" \/>\n<link rel=\"canonical\" href=\"https:\/\/roxguinchos.com.br\/\" \/>\n<meta property=\"og:locale\" content=\"pt_BR\" \/>\n<meta property=\"og:type\" content=\"article\" \/>\n<meta property=\"og:title\" content=\"Front Page - Rox Guinchos\" \/>\n<meta property=\"og:description\" content=\"Atendimento R\u00e1pido Estamos prontos para te atender, 24 horas por dia nos 7 dias da semama! Saiba mais Do leve ao Pesado A ROX possui uma frota para atende-lo em qualquer ocasi\u00e3o, de moto a caminh\u00f5es pesados. Saiba mais Auxilio mec\u00e2nico e SOS Fazemos troca de pneu, chaveiro, pane mec\u00e2nica e SOS em geral. Saiba&hellip; Leia mais\" \/>\n<meta property=\"og:url\" content=\"https:\/\/roxguinchos.com.br\/\" \/>\n<meta property=\"og:site_name\" content=\"Rox Guinchos\" \/>\n<meta property=\"article:modified_time\" content=\"2024-04-16T12:51:30+00:00\" \/>\n<meta name=\"twitter:card\" content=\"summary_large_image\" \/>\n<script type=\"application\/ld+json\" class=\"yoast-schema-graph\">{\"@context\":\"https:\/\/schema.org\",\"@graph\":[{\"@type\":\"WebPage\",\"@id\":\"https:\/\/roxguinchos.com.br\/\",\"url\":\"https:\/\/roxguinchos.com.br\/\",\"name\":\"Front Page - Rox Guinchos\",\"isPartOf\":{\"@id\":\"https:\/\/roxguinchos.com.br\/#website\"},\"datePublished\":\"2024-04-15T20:12:10+00:00\",\"dateModified\":\"2024-04-16T12:51:30+00:00\",\"breadcrumb\":{\"@id\":\"https:\/\/roxguinchos.com.br\/#breadcrumb\"},\"inLanguage\":\"pt-BR\",\"potentialAction\":[{\"@type\":\"ReadAction\",\"target\":[\"https:\/\/roxguinchos.com.br\/\"]}]},{\"@type\":\"BreadcrumbList\",\"@id\":\"https:\/\/roxguinchos.com.br\/#breadcrumb\",\"itemListElement\":[{\"@type\":\"ListItem\",\"position\":1,\"name\":\"In\u00edcio\",\"item\":\"https:\/\/roxguinchos.com.br\/\"},{\"@type\":\"ListItem\",\"position\":2,\"name\":\"Front Page\"}]},{\"@type\":\"WebSite\",\"@id\":\"https:\/\/roxguinchos.com.br\/#website\",\"url\":\"https:\/\/roxguinchos.com.br\/\",\"name\":\"Rox\",\"description\":\"Guincho diadema, guincho S\u00e3o Bernardo \",\"publisher\":{\"@id\":\"https:\/\/roxguinchos.com.br\/#organization\"},\"potentialAction\":[{\"@type\":\"SearchAction\",\"target\":{\"@type\":\"EntryPoint\",\"urlTemplate\":\"https:\/\/roxguinchos.com.br\/?s={search_term_string}\"},\"query-input\":\"required name=search_term_string\"}],\"inLanguage\":\"pt-BR\"},{\"@type\":\"Organization\",\"@id\":\"https:\/\/roxguinchos.com.br\/#organization\",\"name\":\"Guinchos\",\"url\":\"https:\/\/roxguinchos.com.br\/\",\"logo\":{\"@type\":\"ImageObject\",\"inLanguage\":\"pt-BR\",\"@id\":\"https:\/\/roxguinchos.com.br\/#\/schema\/logo\/image\/\",\"url\":\"https:\/\/roxguinchos.com.br\/wp-content\/uploads\/2024\/04\/IMG_7521.png\",\"contentUrl\":\"https:\/\/roxguinchos.com.br\/wp-content\/uploads\/2024\/04\/IMG_7521.png\",\"width\":2495,\"height\":2344,\"caption\":\"Guinchos\"},\"image\":{\"@id\":\"https:\/\/roxguinchos.com.br\/#\/schema\/logo\/image\/\"},\"sameAs\":[\"https:\/\/www.instagram.com\/roxguinchos\"]}]}<\/script>\n<!-- \/ Yoast SEO plugin. -->","yoast_head_json":{"title":"Front Page - Rox Guinchos","robots":{"index":"index","follow":"follow","max-snippet":"max-snippet:-1","max-image-preview":"max-image-preview:large","max-video-preview":"max-video-preview:-1"},"canonical":"https:\/\/roxguinchos.com.br\/","og_locale":"pt_BR","og_type":"article","og_title":"Front Page - Rox Guinchos","og_description":"Atendimento R\u00e1pido Estamos prontos para te atender, 24 horas por dia nos 7 dias da semama! Saiba mais Do leve ao Pesado A ROX possui uma frota para atende-lo em qualquer ocasi\u00e3o, de moto a caminh\u00f5es pesados. Saiba mais Auxilio mec\u00e2nico e SOS Fazemos troca de pneu, chaveiro, pane mec\u00e2nica e SOS em geral. Saiba&hellip; Leia mais","og_url":"https:\/\/roxguinchos.com.br\/","og_site_name":"Rox Guinchos","article_modified_time":"2024-04-16T12:51:30+00:00","twitter_card":"summary_large_image","schema":{"@context":"https:\/\/schema.org","@graph":[{"@type":"WebPage","@id":"https:\/\/roxguinchos.com.br\/","url":"https:\/\/roxguinchos.com.br\/","name":"Front Page - Rox Guinchos","isPartOf":{"@id":"https:\/\/roxguinchos.com.br\/#website"},"datePublished":"2024-04-15T20:12:10+00:00","dateModified":"2024-04-16T12:51:30+00:00","breadcrumb":{"@id":"https:\/\/roxguinchos.com.br\/#breadcrumb"},"inLanguage":"pt-BR","potentialAction":[{"@type":"ReadAction","target":["https:\/\/roxguinchos.com.br\/"]}]},{"@type":"BreadcrumbList","@id":"https:\/\/roxguinchos.com.br\/#breadcrumb","itemListElement":[{"@type":"ListItem","position":1,"name":"In\u00edcio","item":"https:\/\/roxguinchos.com.br\/"},{"@type":"ListItem","position":2,"name":"Front Page"}]},{"@type":"WebSite","@id":"https:\/\/roxguinchos.com.br\/#website","url":"https:\/\/roxguinchos.com.br\/","name":"Rox","description":"Guincho diadema, guincho S\u00e3o Bernardo ","publisher":{"@id":"https:\/\/roxguinchos.com.br\/#organization"},"potentialAction":[{"@type":"SearchAction","target":{"@type":"EntryPoint","urlTemplate":"https:\/\/roxguinchos.com.br\/?s={search_term_string}"},"query-input":"required name=search_term_string"}],"inLanguage":"pt-BR"},{"@type":"Organization","@id":"https:\/\/roxguinchos.com.br\/#organization","name":"Guinchos","url":"https:\/\/roxguinchos.com.br\/","logo":{"@type":"ImageObject","inLanguage":"pt-BR","@id":"https:\/\/roxguinchos.com.br\/#\/schema\/logo\/image\/","url":"https:\/\/roxguinchos.com.br\/wp-content\/uploads\/2024\/04\/IMG_7521.png","contentUrl":"https:\/\/roxguinchos.com.br\/wp-content\/uploads\/2024\/04\/IMG_7521.png","width":2495,"height":2344,"caption":"Guinchos"},"image":{"@id":"https:\/\/roxguinchos.com.br\/#\/schema\/logo\/image\/"},"sameAs":["https:\/\/www.instagram.com\/roxguinchos"]}]}},"_links":{"self":[{"href":"https:\/\/roxguinchos.com.br\/index.php?rest_route=\/wp\/v2\/pages\/88","targetHints":{"allow":["GET"]}}],"collection":[{"href":"https:\/\/roxguinchos.com.br\/index.php?rest_route=\/wp\/v2\/pages"}],"about":[{"href":"https:\/\/roxguinchos.com.br\/index.php?rest_route=\/wp\/v2\/types\/page"}],"author":[{"embeddable":true,"href":"https:\/\/roxguinchos.com.br\/index.php?rest_route=\/wp\/v2\/users\/1"}],"replies":[{"embeddable":true,"href":"https:\/\/roxguinchos.com.br\/index.php?rest_route=%2Fwp%2Fv2%2Fcomments&post=88"}],"version-history":[{"count":4,"href":"https:\/\/roxguinchos.com.br\/index.php?rest_route=\/wp\/v2\/pages\/88\/revisions"}],"predecessor-version":[{"id":103,"href":"https:\/\/roxguinchos.com.br\/index.php?rest_route=\/wp\/v2\/pages\/88\/revisions\/103"}],"wp:attachment":[{"href":"https:\/\/roxguinchos.com.br\/index.php?rest_route=%2Fwp%2Fv2%2Fmedia&parent=88"}],"curies":[{"name":"wp","href":"https:\/\/api.w.org\/{rel}","templated":true}]}}